{"id":115,"date":"2023-02-08T08:15:27","date_gmt":"2023-02-08T08:15:27","guid":{"rendered":"https:\/\/www.andarlibre.com\/blog\/?page_id=115"},"modified":"2023-03-07T12:40:26","modified_gmt":"2023-03-07T12:40:26","slug":"informacion-turistica-en-la-patagonia-argentina","status":"publish","type":"page","link":"https:\/\/www.andarlibre.com\/blog\/","title":{"rendered":"Informaci\u00f3n tur\u00edstica en La Patagonia Argentina"},"content":{"rendered":"\t\t<div data-elementor-type=\"wp-page\" data-elementor-id=\"115\" class=\"elementor elementor-115\" data-elementor-post-type=\"page\">\n\t\t\t\t\t\t<section class=\"elementor-section elementor-top-section elementor-element elementor-element-5145bc1 elementor-section-boxed elementor-section-height-default elementor-section-height-default\" data-id=\"5145bc1\" data-element_type=\"section\">\n\t\t\t\t\t\t<div class=\"elementor-container elementor-column-gap-default\">\n\t\t\t\t\t<div class=\"elementor-column elementor-col-100 elementor-top-column elementor-element elementor-element-4e8ef68\" data-id=\"4e8ef68\" data-element_type=\"column\">\n\t\t\t<div class=\"elementor-widget-wrap elementor-element-populated\">\n\t\t\t\t\t\t<div class=\"elementor-element elementor-element-289a940 elementor-view-default elementor-widget elementor-widget-icon\" data-id=\"289a940\" data-element_type=\"widget\" data-widget_type=\"icon.default\">\n\t\t\t\t<div class=\"elementor-widget-container\">\n\t\t\t\t\t\t\t<div class=\"elementor-icon-wrapper\">\n\t\t\t<div class=\"elementor-icon\">\n\t\t\t<i aria-hidden=\"true\" class=\"fas fa-house-user\"><\/i>\t\t\t<\/div>\n\t\t<\/div>\n\t\t\t\t\t\t<\/div>\n\t\t\t\t<\/div>\n\t\t\t\t\t<\/div>\n\t\t<\/div>\n\t\t\t\t\t<\/div>\n\t\t<\/section>\n\t\t\t\t<section class=\"elementor-section elementor-top-section elementor-element elementor-element-df2f316 elementor-section-boxed elementor-section-height-default elementor-section-height-default\" data-id=\"df2f316\" data-element_type=\"section\">\n\t\t\t\t\t\t<div class=\"elementor-container elementor-column-gap-default\">\n\t\t\t\t\t<div class=\"elementor-column elementor-col-100 elementor-top-column elementor-element elementor-element-5365215\" data-id=\"5365215\" data-element_type=\"column\">\n\t\t\t<div class=\"elementor-widget-wrap elementor-element-populated\">\n\t\t\t\t\t\t<div class=\"elementor-element elementor-element-8f76c54 elementor-widget elementor-widget-heading\" data-id=\"8f76c54\" data-element_type=\"widget\" data-widget_type=\"heading.default\">\n\t\t\t\t<div class=\"elementor-widget-container\">\n\t\t\t\t\t<h1 class=\"elementor-heading-title elementor-size-default\">Informaci\u00f3n tur\u00edstica sobre la Patagonia Argentina<\/h1>\t\t\t\t<\/div>\n\t\t\t\t<\/div>\n\t\t\t\t<div class=\"elementor-element elementor-element-acea874 elementor-widget elementor-widget-text-editor\" data-id=\"acea874\" data-element_type=\"widget\" data-widget_type=\"text-editor.default\">\n\t\t\t\t<div class=\"elementor-widget-container\">\n\t\t\t\t\t\t\t\t\t<p>Andarlibre te ofrece toda la informaci\u00f3n tur\u00edstica sobre la <strong>Patagonia Argentina<\/strong>. Centr\u00e1ndonos en ciudades como <strong>San Mart\u00edn de los Andes<\/strong> o <strong>San Carlos de Bariloche<\/strong><\/p>\t\t\t\t\t\t\t\t<\/div>\n\t\t\t\t<\/div>\n\t\t\t\t\t<\/div>\n\t\t<\/div>\n\t\t\t\t\t<\/div>\n\t\t<\/section>\n\t\t\t\t<section class=\"elementor-section elementor-top-section elementor-element elementor-element-4ed34a9 elementor-section-boxed elementor-section-height-default elementor-section-height-default\" data-id=\"4ed34a9\" data-element_type=\"section\">\n\t\t\t\t\t\t<div class=\"elementor-container elementor-column-gap-default\">\n\t\t\t\t\t<div class=\"elementor-column elementor-col-100 elementor-top-column elementor-element elementor-element-d0facb4\" data-id=\"d0facb4\" data-element_type=\"column\">\n\t\t\t<div class=\"elementor-widget-wrap elementor-element-populated\">\n\t\t\t\t\t\t<div class=\"elementor-element elementor-element-ef2c5bb elementor-grid-2 elementor-grid-tablet-2 elementor-grid-mobile-1 elementor-posts--thumbnail-top elementor-widget elementor-widget-posts\" data-id=\"ef2c5bb\" data-element_type=\"widget\" data-settings=\"{&quot;classic_columns&quot;:&quot;2&quot;,&quot;pagination_type&quot;:&quot;load_more_infinite_scroll&quot;,&quot;classic_columns_tablet&quot;:&quot;2&quot;,&quot;classic_columns_mobile&quot;:&quot;1&quot;,&quot;classic_row_gap&quot;:{&quot;unit&quot;:&quot;px&quot;,&quot;size&quot;:35,&quot;sizes&quot;:[]},&quot;classic_row_gap_tablet&quot;:{&quot;unit&quot;:&quot;px&quot;,&quot;size&quot;:&quot;&quot;,&quot;sizes&quot;:[]},&quot;classic_row_gap_mobile&quot;:{&quot;unit&quot;:&quot;px&quot;,&quot;size&quot;:&quot;&quot;,&quot;sizes&quot;:[]},&quot;load_more_spinner&quot;:{&quot;value&quot;:&quot;fas fa-spinner&quot;,&quot;library&quot;:&quot;fa-solid&quot;}}\" data-widget_type=\"posts.classic\">\n\t\t\t\t<div class=\"elementor-widget-container\">\n\t\t\t\t\t\t\t<div class=\"elementor-posts-container elementor-posts elementor-posts--skin-classic elementor-grid\" role=\"list\">\n\t\t\t\t<article class=\"elementor-post elementor-grid-item post-196 post type-post status-publish format-standard has-post-thumbnail hentry category-san-martin-de-los-andes category-sin-categorizar tag-alojamientos-san-martin-de-los-andes tag-hospedarse-en-san-martin-de-los-andes tag-mejores-lugares-para-visitar-en-san-martin-de-los-andes tag-playas-lago-lacar tag-playas-san-martin-de-los-andes tag-que-hacer-en-san-martin-de-los-andes tag-san-martin-de-los-andes\" role=\"listitem\">\n\t\t\t\t<a class=\"elementor-post__thumbnail__link\" href=\"https:\/\/www.andarlibre.com\/blog\/las-6-mejores-playas-en-san-martin-de-los-andes\/\" tabindex=\"-1\" >\n\t\t\t<div class=\"elementor-post__thumbnail\"><img fetchpriority=\"high\" decoding=\"async\" width=\"751\" height=\"246\" src=\"https:\/\/www.andarlibre.com\/blog\/wp-content\/uploads\/2023\/04\/Playas-de-San-Martin-de-los-Andes-1920x630.jpg\" class=\"attachment-large size-large wp-image-198\" alt=\"Playas de San Mart\u00edn de los Andes\" \/><\/div>\n\t\t<\/a>\n\t\t\t\t<div class=\"elementor-post__text\">\n\t\t\t\t<h3 class=\"elementor-post__title\">\n\t\t\t<a href=\"https:\/\/www.andarlibre.com\/blog\/las-6-mejores-playas-en-san-martin-de-los-andes\/\" >\n\t\t\t\tLas 6 mejores playas en San Mart\u00edn de los Andes\t\t\t<\/a>\n\t\t<\/h3>\n\t\t\t\t<div class=\"elementor-post__meta-data\">\n\t\t\t\t\t<span class=\"elementor-post-date\">\n\t\t\tabril 11, 2023\t\t<\/span>\n\t\t\t\t<\/div>\n\t\t\t\t<div class=\"elementor-post__excerpt\">\n\t\t\t<p>Si est\u00e1s buscando las mejores playas en San Mart\u00edn de los Andes, te contamos, adem\u00e1s, c\u00f3mo elegir d\u00f3nde hospedarte en este art\u00edculo.<\/p>\t\t<\/div>\n\t\t\n\t\t<a class=\"elementor-post__read-more\" href=\"https:\/\/www.andarlibre.com\/blog\/las-6-mejores-playas-en-san-martin-de-los-andes\/\" aria-label=\"Read more about Las 6 mejores playas en San Mart\u00edn de los Andes\" tabindex=\"-1\" >\n\t\t\tLeer m\u00e1s \u00bb\t\t<\/a>\n\n\t\t\t\t<\/div>\n\t\t\t\t<\/article>\n\t\t\t\t<article class=\"elementor-post elementor-grid-item post-128 post type-post status-publish format-standard has-post-thumbnail hentry category-patagonia-argentina category-san-carlos-de-bariloche\" role=\"listitem\">\n\t\t\t\t<a class=\"elementor-post__thumbnail__link\" href=\"https:\/\/www.andarlibre.com\/blog\/nomadas-digitales-que-son\/\" tabindex=\"-1\" >\n\t\t\t<div class=\"elementor-post__thumbnail\"><img decoding=\"async\" width=\"751\" height=\"276\" src=\"https:\/\/www.andarlibre.com\/blog\/wp-content\/uploads\/2023\/03\/patagonia-argentina-nomadas-digitales.png\" class=\"attachment-large size-large wp-image-158\" alt=\"Young woman working on laptop in the nature in Patagonia Argentina\" srcset=\"https:\/\/www.andarlibre.com\/blog\/wp-content\/uploads\/2023\/03\/patagonia-argentina-nomadas-digitales.png 1025w, https:\/\/www.andarlibre.com\/blog\/wp-content\/uploads\/2023\/03\/patagonia-argentina-nomadas-digitales-768x282.png 768w\" sizes=\"(max-width: 751px) 100vw, 751px\" \/><\/div>\n\t\t<\/a>\n\t\t\t\t<div class=\"elementor-post__text\">\n\t\t\t\t<h3 class=\"elementor-post__title\">\n\t\t\t<a href=\"https:\/\/www.andarlibre.com\/blog\/nomadas-digitales-que-son\/\" >\n\t\t\t\t\u00bfQu\u00e9 son los n\u00f3madas digitales y los mejores pa\u00edses para serlo?\t\t\t<\/a>\n\t\t<\/h3>\n\t\t\t\t<div class=\"elementor-post__meta-data\">\n\t\t\t\t\t<span class=\"elementor-post-date\">\n\t\t\tmarzo 2, 2023\t\t<\/span>\n\t\t\t\t<\/div>\n\t\t\t\t<div class=\"elementor-post__excerpt\">\n\t\t\t<p>Sin duda, el avance de la tecnolog\u00eda ha introducido grandes y variados cambios en muchos aspectos de nuestra vida. Y<\/p>\n\t\t<\/div>\n\t\t\n\t\t<a class=\"elementor-post__read-more\" href=\"https:\/\/www.andarlibre.com\/blog\/nomadas-digitales-que-son\/\" aria-label=\"Read more about \u00bfQu\u00e9 son los n\u00f3madas digitales y los mejores pa\u00edses para serlo?\" tabindex=\"-1\" >\n\t\t\tLeer m\u00e1s \u00bb\t\t<\/a>\n\n\t\t\t\t<\/div>\n\t\t\t\t<\/article>\n\t\t\t\t<article class=\"elementor-post elementor-grid-item post-50 post type-post status-publish format-standard has-post-thumbnail hentry category-san-martin-de-los-andes tag-alojamientos-san-martin-de-los-andes tag-excursiones-san-martin-de-los-andes tag-hospedarse-en-san-martin-de-los-andes tag-mejores-lugares-para-visitar-en-san-martin-de-los-andes tag-neuquen tag-que-hacer-en-san-martin-de-los-andes tag-san-martin-de-los-andes\" role=\"listitem\">\n\t\t\t\t<a class=\"elementor-post__thumbnail__link\" href=\"https:\/\/www.andarlibre.com\/blog\/que-excursiones-en-san-martin-de-los-andes-no-te-podes-perder\/\" tabindex=\"-1\" >\n\t\t\t<div class=\"elementor-post__thumbnail\"><img decoding=\"async\" width=\"751\" height=\"246\" src=\"https:\/\/www.andarlibre.com\/blog\/wp-content\/uploads\/2023\/01\/excursiones-en-San-Martin-de-los-Andes-1920x630.jpg\" class=\"attachment-large size-large wp-image-53\" alt=\"excursiones en san Mart\u00edn de los Andes\" \/><\/div>\n\t\t<\/a>\n\t\t\t\t<div class=\"elementor-post__text\">\n\t\t\t\t<h3 class=\"elementor-post__title\">\n\t\t\t<a href=\"https:\/\/www.andarlibre.com\/blog\/que-excursiones-en-san-martin-de-los-andes-no-te-podes-perder\/\" >\n\t\t\t\tQu\u00e9 excursiones en San Mart\u00edn de los Andes no te pod\u00e9s perder\t\t\t<\/a>\n\t\t<\/h3>\n\t\t\t\t<div class=\"elementor-post__meta-data\">\n\t\t\t\t\t<span class=\"elementor-post-date\">\n\t\t\tfebrero 1, 2023\t\t<\/span>\n\t\t\t\t<\/div>\n\t\t\t\t<div class=\"elementor-post__excerpt\">\n\t\t\t<p>Si est\u00e1s planeando una visita al sur argentino, no te pod\u00e9s perder las mejores excursiones San Mart\u00edn de los Andes. Segu\u00ed leyendo el blog.<\/p>\t\t<\/div>\n\t\t\n\t\t<a class=\"elementor-post__read-more\" href=\"https:\/\/www.andarlibre.com\/blog\/que-excursiones-en-san-martin-de-los-andes-no-te-podes-perder\/\" aria-label=\"Read more about Qu\u00e9 excursiones en San Mart\u00edn de los Andes no te pod\u00e9s perder\" tabindex=\"-1\" >\n\t\t\tLeer m\u00e1s \u00bb\t\t<\/a>\n\n\t\t\t\t<\/div>\n\t\t\t\t<\/article>\n\t\t\t\t<article class=\"elementor-post elementor-grid-item post-27 post type-post status-publish format-standard has-post-thumbnail hentry category-san-martin-de-los-andes category-sin-categorizar tag-alojamientos-san-martin-de-los-andes tag-mejores-lugares-para-visitar-en-san-martin-de-los-andes tag-miradores-san-martin-de-los-andes tag-museo-che-guevara tag-playas-lago-lacar tag-san-martin-de-los-andes\" role=\"listitem\">\n\t\t\t\t<a class=\"elementor-post__thumbnail__link\" href=\"https:\/\/www.andarlibre.com\/blog\/los-mejores-lugares-para-visitar-en-san-martin-de-los-andes\/\" tabindex=\"-1\" >\n\t\t\t<div class=\"elementor-post__thumbnail\"><img loading=\"lazy\" decoding=\"async\" width=\"751\" height=\"246\" src=\"https:\/\/www.andarlibre.com\/blog\/wp-content\/uploads\/2023\/01\/Los-mejores-lugares-para-visitar-en-San-Martin-de-los-Andes-1920x630.jpg\" class=\"attachment-large size-large wp-image-33\" alt=\"Los mejores lugares para visitar en San Mart\u00edn de los Andes\" \/><\/div>\n\t\t<\/a>\n\t\t\t\t<div class=\"elementor-post__text\">\n\t\t\t\t<h3 class=\"elementor-post__title\">\n\t\t\t<a href=\"https:\/\/www.andarlibre.com\/blog\/los-mejores-lugares-para-visitar-en-san-martin-de-los-andes\/\" >\n\t\t\t\tLos mejores lugares para visitar en San Mart\u00edn de los Andes\t\t\t<\/a>\n\t\t<\/h3>\n\t\t\t\t<div class=\"elementor-post__meta-data\">\n\t\t\t\t\t<span class=\"elementor-post-date\">\n\t\t\tenero 9, 2023\t\t<\/span>\n\t\t\t\t<\/div>\n\t\t\t\t<div class=\"elementor-post__excerpt\">\n\t\t\t<p>Si te pregunt\u00e1s cu\u00e1les son los lugares para visitar en San Mart\u00edn de los Andes en el sur de Argentina. Aqu\u00ed te los contamos<\/p>\t\t<\/div>\n\t\t\n\t\t<a class=\"elementor-post__read-more\" href=\"https:\/\/www.andarlibre.com\/blog\/los-mejores-lugares-para-visitar-en-san-martin-de-los-andes\/\" aria-label=\"Read more about Los mejores lugares para visitar en San Mart\u00edn de los Andes\" tabindex=\"-1\" >\n\t\t\tLeer m\u00e1s \u00bb\t\t<\/a>\n\n\t\t\t\t<\/div>\n\t\t\t\t<\/article>\n\t\t\t\t<\/div>\n\t\t\t\t\t<span class=\"e-load-more-spinner\">\n\t\t\t\t<i aria-hidden=\"true\" class=\"fas fa-spinner\"><\/i>\t\t\t<\/span>\n\t\t\n\t\t\t\t<div class=\"e-load-more-anchor\" data-page=\"1\" data-max-page=\"2\" data-next-page=\"https:\/\/www.andarlibre.com\/blog\/wp-json\/wp\/v2\/pages\/115\/page\/2\/\"><\/div>\n\t\t\t\t<div class=\"e-load-more-message\"><\/div>\n\t\t\t\t\t\t<\/div>\n\t\t\t\t<\/div>\n\t\t\t\t\t<\/div>\n\t\t<\/div>\n\t\t\t\t\t<\/div>\n\t\t<\/section>\n\t\t\t\t<section class=\"elementor-section elementor-top-section elementor-element elementor-element-0fa45ca elementor-section-boxed elementor-section-height-default elementor-section-height-default\" data-id=\"0fa45ca\" data-element_type=\"section\">\n\t\t\t\t\t\t<div class=\"elementor-container elementor-column-gap-default\">\n\t\t\t\t\t<div class=\"elementor-column elementor-col-100 elementor-top-column elementor-element elementor-element-bb9a2b6\" data-id=\"bb9a2b6\" data-element_type=\"column\">\n\t\t\t<div class=\"elementor-widget-wrap elementor-element-populated\">\n\t\t\t\t\t\t<div class=\"elementor-element elementor-element-81682e7 elementor-widget elementor-widget-spacer\" data-id=\"81682e7\" data-element_type=\"widget\" data-widget_type=\"spacer.default\">\n\t\t\t\t<div class=\"elementor-widget-container\">\n\t\t\t\t\t\t\t<div class=\"elementor-spacer\">\n\t\t\t<div class=\"elementor-spacer-inner\"><\/div>\n\t\t<\/div>\n\t\t\t\t\t\t<\/div>\n\t\t\t\t<\/div>\n\t\t\t\t\t<\/div>\n\t\t<\/div>\n\t\t\t\t\t<\/div>\n\t\t<\/section>\n\t\t\t\t<section class=\"elementor-section elementor-top-section elementor-element elementor-element-1a8bf28 elementor-section-boxed elementor-section-height-default elementor-section-height-default\" data-id=\"1a8bf28\" data-element_type=\"section\">\n\t\t\t\t\t\t<div class=\"elementor-container elementor-column-gap-default\">\n\t\t\t\t\t<div class=\"elementor-column elementor-col-100 elementor-top-column elementor-element elementor-element-b920da4\" data-id=\"b920da4\" data-element_type=\"column\">\n\t\t\t<div class=\"elementor-widget-wrap elementor-element-populated\">\n\t\t\t\t\t\t<div class=\"elementor-element elementor-element-63178bc elementor-widget elementor-widget-text-editor\" data-id=\"63178bc\" data-element_type=\"widget\" data-widget_type=\"text-editor.default\">\n\t\t\t\t<div class=\"elementor-widget-container\">\n\t\t\t\t\t\t\t\t\t<h3 style=\"text-align: center;\">Descubre nuestros alojamientos tur\u00edsticos en la Patagonia Argentina<\/h3>\t\t\t\t\t\t\t\t<\/div>\n\t\t\t\t<\/div>\n\t\t\t\t\t<\/div>\n\t\t<\/div>\n\t\t\t\t\t<\/div>\n\t\t<\/section>\n\t\t\t\t<section class=\"elementor-section elementor-top-section elementor-element elementor-element-dfff04a elementor-section-boxed elementor-section-height-default elementor-section-height-default\" data-id=\"dfff04a\" data-element_type=\"section\">\n\t\t\t\t\t\t<div class=\"elementor-container elementor-column-gap-default\">\n\t\t\t\t\t<div class=\"elementor-column elementor-col-50 elementor-top-column elementor-element elementor-element-dec5e88\" data-id=\"dec5e88\" data-element_type=\"column\">\n\t\t\t<div class=\"elementor-widget-wrap elementor-element-populated\">\n\t\t\t\t\t\t<div class=\"elementor-element elementor-element-df65b21 elementor-align-center elementor-widget elementor-widget-button\" data-id=\"df65b21\" data-element_type=\"widget\" data-widget_type=\"button.default\">\n\t\t\t\t<div class=\"elementor-widget-container\">\n\t\t\t\t\t\t\t\t\t<div class=\"elementor-button-wrapper\">\n\t\t\t\t\t<a class=\"elementor-button elementor-button-link elementor-size-sm\" href=\"https:\/\/www.andarlibre.com\/alquiler\/alquileres-san-martin-de-los-andes-d462659\/\">\n\t\t\t\t\t\t<span class=\"elementor-button-content-wrapper\">\n\t\t\t\t\t\t\t\t\t<span class=\"elementor-button-text\">Alojamientos en San Mart\u00edn de los Andes <\/span>\n\t\t\t\t\t<\/span>\n\t\t\t\t\t<\/a>\n\t\t\t\t<\/div>\n\t\t\t\t\t\t\t\t<\/div>\n\t\t\t\t<\/div>\n\t\t\t\t\t<\/div>\n\t\t<\/div>\n\t\t\t\t<div class=\"elementor-column elementor-col-50 elementor-top-column elementor-element elementor-element-f0168c7\" data-id=\"f0168c7\" data-element_type=\"column\">\n\t\t\t<div class=\"elementor-widget-wrap elementor-element-populated\">\n\t\t\t\t\t\t<div class=\"elementor-element elementor-element-a008fd5 elementor-align-center elementor-widget elementor-widget-button\" data-id=\"a008fd5\" data-element_type=\"widget\" data-widget_type=\"button.default\">\n\t\t\t\t<div class=\"elementor-widget-container\">\n\t\t\t\t\t\t\t\t\t<div class=\"elementor-button-wrapper\">\n\t\t\t\t\t<a class=\"elementor-button elementor-button-link elementor-size-sm\" href=\"https:\/\/www.andarlibre.com\/alquiler\/alquileres-san-carlos-de-bariloche-d462385\/\">\n\t\t\t\t\t\t<span class=\"elementor-button-content-wrapper\">\n\t\t\t\t\t\t\t\t\t<span class=\"elementor-button-text\">Alojamientos en San Carlos de Bariloche<\/span>\n\t\t\t\t\t<\/span>\n\t\t\t\t\t<\/a>\n\t\t\t\t<\/div>\n\t\t\t\t\t\t\t\t<\/div>\n\t\t\t\t<\/div>\n\t\t\t\t\t<\/div>\n\t\t<\/div>\n\t\t\t\t\t<\/div>\n\t\t<\/section>\n\t\t\t\t<\/div>\n\t\t","protected":false},"excerpt":{"rendered":"<p>Informaci\u00f3n tur\u00edstica sobre la Patagonia Argentina Andarlibre te ofrece toda la informaci\u00f3n tur\u00edstica sobre la Patagonia Argentina. Centr\u00e1ndonos en ciudades&#8230;<\/p>\n","protected":false},"author":2,"featured_media":0,"parent":0,"menu_order":0,"comment_status":"closed","ping_status":"closed","template":"elementor_header_footer","meta":{"footnotes":""},"class_list":["post-115","page","type-page","status-publish","hentry"],"yoast_head":"<!-- This site is optimized with the Yoast SEO plugin v26.2 - https:\/\/yoast.com\/wordpress\/plugins\/seo\/ -->\n<title>Informaci\u00f3n tur\u00edstica en La Patagonia Argentina - Andarlibre | Blog<\/title>\n<meta name=\"description\" content=\"Descubre toda la informaci\u00f3n tur\u00edstica de la Patagonia Argentina y sus localizaciones como San Mart\u00edn de los Andes o San Carlos de Bariloche.\" \/>\n<meta name=\"robots\" content=\"index, follow, max-snippet:-1, max-image-preview:large, max-video-preview:-1\" \/>\n<link rel=\"canonical\" href=\"https:\/\/www.andarlibre.com\/blog\/\" \/>\n<meta property=\"og:locale\" content=\"es_ES\" \/>\n<meta property=\"og:type\" content=\"article\" \/>\n<meta property=\"og:title\" content=\"Informaci\u00f3n tur\u00edstica en La Patagonia Argentina - Andarlibre | Blog\" \/>\n<meta property=\"og:description\" content=\"Descubre toda la informaci\u00f3n tur\u00edstica de la Patagonia Argentina y sus localizaciones como San Mart\u00edn de los Andes o San Carlos de Bariloche.\" \/>\n<meta property=\"og:url\" content=\"https:\/\/www.andarlibre.com\/blog\/\" \/>\n<meta property=\"og:site_name\" content=\"Andarlibre | Blog\" \/>\n<meta property=\"article:modified_time\" content=\"2023-03-07T12:40:26+00:00\" \/>\n<meta name=\"twitter:card\" content=\"summary_large_image\" \/>\n<meta name=\"twitter:label1\" content=\"Tiempo de lectura\" \/>\n\t<meta name=\"twitter:data1\" content=\"2 minutos\" \/>\n<script type=\"application\/ld+json\" class=\"yoast-schema-graph\">{\"@context\":\"https:\/\/schema.org\",\"@graph\":[{\"@type\":\"WebPage\",\"@id\":\"https:\/\/www.andarlibre.com\/blog\/\",\"url\":\"https:\/\/www.andarlibre.com\/blog\/\",\"name\":\"Informaci\u00f3n tur\u00edstica en La Patagonia Argentina - Andarlibre | Blog\",\"isPartOf\":{\"@id\":\"https:\/\/www.andarlibre.com\/blog\/#website\"},\"datePublished\":\"2023-02-08T08:15:27+00:00\",\"dateModified\":\"2023-03-07T12:40:26+00:00\",\"description\":\"Descubre toda la informaci\u00f3n tur\u00edstica de la Patagonia Argentina y sus localizaciones como San Mart\u00edn de los Andes o San Carlos de Bariloche.\",\"breadcrumb\":{\"@id\":\"https:\/\/www.andarlibre.com\/blog\/#breadcrumb\"},\"inLanguage\":\"es-AR\",\"potentialAction\":[{\"@type\":\"ReadAction\",\"target\":[\"https:\/\/www.andarlibre.com\/blog\/\"]}]},{\"@type\":\"BreadcrumbList\",\"@id\":\"https:\/\/www.andarlibre.com\/blog\/#breadcrumb\",\"itemListElement\":[{\"@type\":\"ListItem\",\"position\":1,\"name\":\"Home\",\"item\":\"https:\/\/www.andarlibre.com\/blog\/\"},{\"@type\":\"ListItem\",\"position\":2,\"name\":\"Informaci\u00f3n tur\u00edstica en La Patagonia Argentina\"}]},{\"@type\":\"WebSite\",\"@id\":\"https:\/\/www.andarlibre.com\/blog\/#website\",\"url\":\"https:\/\/www.andarlibre.com\/blog\/\",\"name\":\"Andarlibre | Blog\",\"description\":\"Alojamientos en la Patagonia Argentina\",\"potentialAction\":[{\"@type\":\"SearchAction\",\"target\":{\"@type\":\"EntryPoint\",\"urlTemplate\":\"https:\/\/www.andarlibre.com\/blog\/?s={search_term_string}\"},\"query-input\":{\"@type\":\"PropertyValueSpecification\",\"valueRequired\":true,\"valueName\":\"search_term_string\"}}],\"inLanguage\":\"es-AR\"}]}<\/script>\n<!-- \/ Yoast SEO plugin. -->","yoast_head_json":{"title":"Informaci\u00f3n tur\u00edstica en La Patagonia Argentina - Andarlibre | Blog","description":"Descubre toda la informaci\u00f3n tur\u00edstica de la Patagonia Argentina y sus localizaciones como San Mart\u00edn de los Andes o San Carlos de Bariloche.","robots":{"index":"index","follow":"follow","max-snippet":"max-snippet:-1","max-image-preview":"max-image-preview:large","max-video-preview":"max-video-preview:-1"},"canonical":"https:\/\/www.andarlibre.com\/blog\/","og_locale":"es_ES","og_type":"article","og_title":"Informaci\u00f3n tur\u00edstica en La Patagonia Argentina - Andarlibre | Blog","og_description":"Descubre toda la informaci\u00f3n tur\u00edstica de la Patagonia Argentina y sus localizaciones como San Mart\u00edn de los Andes o San Carlos de Bariloche.","og_url":"https:\/\/www.andarlibre.com\/blog\/","og_site_name":"Andarlibre | Blog","article_modified_time":"2023-03-07T12:40:26+00:00","twitter_card":"summary_large_image","twitter_misc":{"Tiempo de lectura":"2 minutos"},"schema":{"@context":"https:\/\/schema.org","@graph":[{"@type":"WebPage","@id":"https:\/\/www.andarlibre.com\/blog\/","url":"https:\/\/www.andarlibre.com\/blog\/","name":"Informaci\u00f3n tur\u00edstica en La Patagonia Argentina - Andarlibre | Blog","isPartOf":{"@id":"https:\/\/www.andarlibre.com\/blog\/#website"},"datePublished":"2023-02-08T08:15:27+00:00","dateModified":"2023-03-07T12:40:26+00:00","description":"Descubre toda la informaci\u00f3n tur\u00edstica de la Patagonia Argentina y sus localizaciones como San Mart\u00edn de los Andes o San Carlos de Bariloche.","breadcrumb":{"@id":"https:\/\/www.andarlibre.com\/blog\/#breadcrumb"},"inLanguage":"es-AR","potentialAction":[{"@type":"ReadAction","target":["https:\/\/www.andarlibre.com\/blog\/"]}]},{"@type":"BreadcrumbList","@id":"https:\/\/www.andarlibre.com\/blog\/#breadcrumb","itemListElement":[{"@type":"ListItem","position":1,"name":"Home","item":"https:\/\/www.andarlibre.com\/blog\/"},{"@type":"ListItem","position":2,"name":"Informaci\u00f3n tur\u00edstica en La Patagonia Argentina"}]},{"@type":"WebSite","@id":"https:\/\/www.andarlibre.com\/blog\/#website","url":"https:\/\/www.andarlibre.com\/blog\/","name":"Andarlibre | Blog","description":"Alojamientos en la Patagonia Argentina","potentialAction":[{"@type":"SearchAction","target":{"@type":"EntryPoint","urlTemplate":"https:\/\/www.andarlibre.com\/blog\/?s={search_term_string}"},"query-input":{"@type":"PropertyValueSpecification","valueRequired":true,"valueName":"search_term_string"}}],"inLanguage":"es-AR"}]}},"_links":{"self":[{"href":"https:\/\/www.andarlibre.com\/blog\/wp-json\/wp\/v2\/pages\/115","targetHints":{"allow":["GET"]}}],"collection":[{"href":"https:\/\/www.andarlibre.com\/blog\/wp-json\/wp\/v2\/pages"}],"about":[{"href":"https:\/\/www.andarlibre.com\/blog\/wp-json\/wp\/v2\/types\/page"}],"author":[{"embeddable":true,"href":"https:\/\/www.andarlibre.com\/blog\/wp-json\/wp\/v2\/users\/2"}],"replies":[{"embeddable":true,"href":"https:\/\/www.andarlibre.com\/blog\/wp-json\/wp\/v2\/comments?post=115"}],"version-history":[{"count":15,"href":"https:\/\/www.andarlibre.com\/blog\/wp-json\/wp\/v2\/pages\/115\/revisions"}],"predecessor-version":[{"id":179,"href":"https:\/\/www.andarlibre.com\/blog\/wp-json\/wp\/v2\/pages\/115\/revisions\/179"}],"wp:attachment":[{"href":"https:\/\/www.andarlibre.com\/blog\/wp-json\/wp\/v2\/media?parent=115"}],"curies":[{"name":"wp","href":"https:\/\/api.w.org\/{rel}","templated":true}]}}